List the prime factors of 158072.
2, 19759
List the prime factors of 2149.
7, 307
List the prime factors of 1260.
2, 3, 5, 7
List the prime factors of 32763.
3, 67, 163
What are the prime factors of 103?
103
What are the prime factors of 36251?
36251
List the prime factors of 8674.
2, 4337
What are the prime factors of 22664?
2, 2833
What are the prime factors of 986?
2, 17, 29
List the prime factors of 11729.
37, 317
What are the prime factors of 24762?
2, 3, 4127
What are the prime factors of 33822?
2, 3, 1879
What are the prime factors of 7271?
11, 661
List the prime factors of 890.
2, 5, 89
List the prime factors of 1124.
2, 281
What are the prime factors of 1572?
2, 3, 131
List the prime factors of 2668.
2, 23, 29
What are the prime factors of 25778?
2, 12889
What are the prime factors of 24424?
2, 43, 71
What are the prime factors of 2778?
2, 3, 463
What are the prime factors of 3352?
2, 419
What are the prime factors of 14730?
2, 3, 5, 491
What are the prime factors of 1947?
3, 11, 59
What are the prime factors of 146880?
2, 3, 5, 17
List the prime factors of 40778.
2, 20389
List the prime factors of 1301.
1301
What are the prime factors of 6767?
67, 101
List the prime factors of 1984.
2, 31
What are the prime factors of 8769?
3, 37, 79
What are the prime factors of 17618?
2, 23, 383
List the prime factors of 26558.
2, 7, 271
List the prime factors of 58950.
2, 3, 5, 131
What are the prime factors of 10301?
10301
List the prime factors of 7626.
2, 3, 31, 41
List the prime factors of 14868.
2, 3, 7, 59
List the prime factors of 2123.
11, 193
List the prime factors of 55573.
7, 17, 467
List the prime factors of 2042.
2, 1021
List the prime factors of 10452.
2, 3, 13, 67
What are the prime factors of 7754?
2, 3877
What are the prime factors of 13407?
3, 41, 109
List the prime factors of 40861.
29, 1409
What are the prime factors of 985?
5, 197
What are the prime factors of 373?
373
What are the prime factors of 58?
2, 29
List the prime factors of 2517.
3, 839
What are the prime factors of 6788?
2, 1697
What are the prime factors of 9662?
2, 4831
What are the prime factors of 72516?
2, 3, 6043
What are the prime factors of 3368?
2, 421
What are the prime factors of 8852?
2, 2213
List the prime factors of 688.
2, 43
What are the prime factors of 9590?
2, 5, 7, 137
List the prime factors of 1747.
1747
What are the prime factors of 5820?
2, 3, 5, 97
What are the prime factors of 143?
11, 13
List the prime factors of 47255.
5, 13, 727
List the prime factors of 594.
2, 3, 11
List the prime factors of 34229.
13, 2633
What are the prime factors of 2621?
2621
What are the prime factors of 48932?
2, 13, 941
What are the prime factors of 383?
383
What are the prime factors of 2819?
2819
List the prime factors of 31367.
7, 4481
List the prime factors of 951.
3, 317
List the prime factors of 16038.
2, 3, 11
What are the prime factors of 1079?
13, 83
What are the prime factors of 1003?
17, 59
What are the prime factors of 170641?
170641
List the prime factors of 8157.
3, 2719
What are the prime factors of 2339?
2339
List the prime factors of 71.
71
What are the prime factors of 1112?
2, 139
List the prime factors of 24847.
24847
List the prime factors of 2856.
2, 3, 7, 17
List the prime factors of 7076.
2, 29, 61
What are the prime factors of 82806?
2, 3, 37, 373
List the prime factors of 14261.
13, 1097
What are the prime factors of 6212?
2, 1553
What are the prime factors of 2551?
2551
List the prime factors of 4822.
2, 2411
What are the prime factors of 147248?
2, 9203
List the prime factors of 13420.
2, 5, 11, 61
List the prime factors of 3056.
2, 191
List the prime factors of 83176.
2, 37, 281
List the prime factors of 72192.
2, 3, 47
List the prime factors of 5619.
3, 1873
What are the prime factors of 2288?
2, 11, 13
List the prime factors of 423.
3, 47
List the prime factors of 5873.
7, 839
What are the prime factors of 9981?
3, 1109
What are the prime factors of 6649?
61, 109
List the prime factors of 6662.
2, 3331
List the prime factors of 3670.
2, 5, 367
What are the prime factors of 33747?
3, 7, 1607
What are the prime factors of 983?
983
What are the prime factors of 637?
7, 13
What are the prime factors of 20913?
3, 6971
What are the prime factors of 6425?
5, 257
What are the prime factors of 709?
709
List the prime factors of 20883.
3, 6961
What are the prime factors of 404?
2, 101
What are the prime factors of 27607?
19, 1453
What are the prime factors of 5576?
2, 17, 41
What are the prime factors of 16332?
2, 3, 1361
List the prime factors of 919.
919
What are the prime factors of 183?
3, 61
List the prime factors of 5966.
2, 19, 157
What are the prime factors of 9801?
3, 11
List the prime factors of 4707.
3, 523
What are the prime factors of 26419?
29, 911
List the prime factors of 20068.
2, 29, 173
What are the prime factors of 484?
2, 11
List the prime factors of 35300.
2, 5, 353
List the prime factors of 468.
2, 3, 13
List the prime factors of 918.
2, 3, 17
What are the prime factors of 1163?
1163
What are the prime factors of 131622?
2, 3, 21937
What are the prime factors of 4694?
2, 2347
What are the prime factors of 2352?
2, 3, 7
What are the prime factors of 113?
113
List the prime factors of 1336.
2, 167
List the prime factors of 2647.
2647
What are the prime factors of 40465?
5, 8093
What are the prime factors of 488?
2, 61
List the prime factors of 40673.
89, 457
List the prime factors of 3325.
5, 7, 19
List the prime factors of 8498.
2, 7, 607
What are the prime factors of 1625?
5, 13
What are the prime factors of 25687?
17, 1511
What are the prime factors of 886?
2, 443
What are the prime factors of 76?
2, 19
What are the prime factors of 1063?
1063
What are the prime factors of 183?
3, 61
List the prime factors of 19701.
3, 11, 199
List the prime factors of 6251.
7, 19, 47
List the prime factors of 13192.
2, 17, 97
What are the prime factors of 27000?
2, 3, 5
What are the prime factors of 1939?
7, 277
What are the prime factors of 94359?
3, 71, 443
List the prime factors of 945.
3, 5, 7
List the prime factors of 42935.
5, 31, 277
What are the prime factors of 1480?
2, 5, 37
List the prime factors of 1352.
2, 13
What are the prime factors of 693?
3, 7, 11
What are the prime factors of 3?
3
List the prime factors of 179.
179
List the prime factors of 626.
2, 313
What are the prime factors of 45025?
5, 1801
What are the prime factors of 1189?
29, 41
List the prime factors of 108.
2, 3
What are the prime factors of 1749?
3, 11, 53
What are the prime factors of 19495?
5, 7, 557
List the prime factors of 5136.
2, 3, 107
List the prime factors of 2842.
2, 7, 29
List the prime factors of 3678.
2, 3, 613
List the prime factors of 796.
2, 199
List the prime factors of 4581.
3, 509
List the prime factors of 587.
587
List the prime factors of 29205.
3, 5, 11, 59
List the prime factors of 1198.
2, 599
List the prime factors of 135930.
2, 3, 5, 23, 197
What are the prime factors of 25105?
5, 5021
List the prime factors of 11752.
2, 13, 113
List the prime factors of 63097.
63097
What are the prime factors of 766?
2, 383
List the prime factors of 584.
2, 73
What are the prime factors of 886?
2, 443
List the prime factors of 919.
919
List the prime factors of 22562.
2, 29, 389
List the prime factors of 105136.
2, 6571
List the prime factors of 53055.
3, 5, 131
List the prime factors of 4933.
4933
List the prime factors of 140696.
2, 43, 409
What are the prime factors of 6805?
5, 1361
What are the prime factors of 443?
443
List the prime factors of 5187.
3, 7, 13, 19
What are the prime factors of 12535?
5, 23, 109
What are the prime factors of 9084?
2, 3, 757
List the prime factors of 2269.
2269
List the prime factors of 479.
479
List the prime factors of 30205.
5, 7, 863
List the prime factors of 96788.
2, 24197
List the prime factors of 6394.
2, 23, 139
What are the prime factors of 5302?
2, 11, 241
What are the prime factors of 16229?
16229
What are the prime factors of 125759?
67, 1877
What are the prime factors of 1485?
3, 5, 11
What are the prime factors of 32600?
2, 5, 163
List the prime factors of 881.
881
What are the prime factors of 3618?
2, 3, 67
What are the prime factors of 97880?
2, 5, 2447
What are the prime factors of 